+ 8*1. Suppose 0*u = 2*u - 60. What is the greatest common divisor of s and u?
10
Suppose -5*g + 2*l + 102 = 0, -2*l - l = -12. What is the greatest common factor of g and 33?
11
Let a = 8 + 3. Let s = 25 - a. Let l = s + -7. Calculate the highest common divisor of 14 and l.
7
Let z be 9*(-3 + (-10)/(-3)). Suppose -9*k = -z*k - 216. What is the highest common factor of k and 4?
4
Suppose -40*x + 38*x + 44 = 0. Calculate the highest common factor of 22 and x.
22
Let f(k) = 5*k + 7. Let t be f(6). Suppose 13 + t = 5*l. Let m be (-2)/l + (-56)/(-5). What is the highest common factor of m and 77?
11
Let z(n) = n**2 + 4 - 2*n + 0*n**2 + 1 + 0*n. Let d be z(4). What is the greatest common divisor of d and 117?
13
Let m(t) = -30*t + 1. Let c be m(-3). Let o = -5 + 18. Calculate the highest common divisor of c and o.
13
Let m = -11 - 9. Let o = m - -23. Calculate the greatest common factor of 15 and o.
3
Suppose -7*p + 64 = -384. What is the greatest common divisor of 48 and p?
16
Suppose -2*w - w + 258 = 0. Suppose 3*z - 82 = w. What is the greatest common factor of z and 7?
7
Let n = -26 + 33. What is the highest common divisor of n and 1?
1
Suppose -v + 7 = -3. Suppose -5*b = v, -5*b + 4*b + 22 = q. Calculate the greatest common divisor of q and 60.
12
Let w = 32 + -10. Suppose 0*n = n - w. What is the highest common factor of n and 33?
11
Let g(f) = 24*f**2 - f - 1. Let q be g(-2). Suppose 3*z - 5*u = q, -4*z - 4*u = -0*z - 140. Let n = z - 18. What is the highest common divisor of n and 4?
4
Suppose 4*c = -174 - 226. Let f be c/(-6) + (-2)/3. Suppose 0 = n - 47 - 81. Calculate the highest common divisor of n and f.
16
Let y = 19 - 39. Let w = 0 - y. Let u = 9 - 5. What is the greatest common divisor of u and w?
4
Suppose 4*y - 2*m - 22 = -8, 3*y - 4*m - 3 = 0. Suppose 5 = -y*a, 5*k - 3*k - a - 155 = 0. What is the greatest common divisor of 7 and k?
7
Suppose 0 = -f + 34 - 29. Suppose 15 = 4*u - u. Calculate the highest common factor of u and f.
5
Let w(s) = s**2 - 6*s + 1. Let q be w(6). Let g be (q/3)/(1/33). Let o(l) = 2*l**2 + 6*l - 9. Let f be o(6). Calculate the highest common factor of g and f.
11
Suppose 76 = 13*u - 262. Suppose -6*r - 3*s + 532 = -r, 436 = 4*r + 5*s. What is the greatest common divisor of r and u?
26
Let b be (3/1)/((-4)/(-404)). Suppose -2*d - 3*u = -u - 182, -3*d + 3*u + b = 0. What is the highest common divisor of d and 12?
12
Suppose -3*v + 6*v - 162 = 0. Calculate the greatest common factor of 36 and v.
18
Let v(x) = 5*x**2 + 1. Let t be v(-1). Suppose -t*w + w = -1000. What is the highest common divisor of 20 and w?
20
Let l(g) = -9*g - 6. Let q be l(-4). Let t be -1 + (-8)/4 - -6. Suppose u - 5*f = -3*u + 68, 5*f = -t*u + 16. Calculate the highest common divisor of u and q.
6
Suppose l = -d + 2*l + 18, 12 = d + 2*l. Calculate the highest common divisor of 24 and d.
8
Suppose n - 4 = 2*w + 2, 5*n - 30 = -w. What is the greatest common divisor of 24 and n?
6
Let y(m) = m + 8. Let z be y(-5). Suppose -2*q = -2*j + 10, q = -z*q - 4. Let w be j/18 + (-6306)/(-54). What is the highest common divisor of 13 and w?
13
Let f = 0 - -4. Suppose 5*z = f*g - 583, -3*z + 5*z = 5*g - 733. What is the greatest common factor of g and 21?
21
Let q(y) = 3*y**2 - y. Let b be q(1). Suppose -59 = -b*r + p, 0 = -r - 2*p + 13 + 4. Calculate the greatest common factor of 3 and r.
3
Let r be (-12)/(8/((-640)/12)). What is the greatest common divisor of r and 16?
16
Let r be 10 - (-2)/4*(-24)/6. What is the greatest common divisor of 20 and r?
4
Let n(m) = 7*m**2 - 8*m - 8. Let w be n(4). Calculate the greatest common divisor of 8 and w.
8
Let s be (-17)/(-3) + (-15)/(-45). What is the highest common divisor of s and 30?
6
Suppose -u - 3*u + 50 = -5*p, -4*p = -3*u + 37. Calculate the highest common divisor of u and 10.
5
Let s(q) = 64*q**2 + 4*q - 3. Let j be s(1). Calculate the greatest common factor of j and 26.
13
Suppose p = -3*p + 64. Let u = 1507 - 1075. Suppose -3*c = -3*n + n - u, 5*c = -4*n + 720. Calculate the greatest common divisor of c and p.
16
Let x(g) = g**3 - 6*g**2 + 6*g - 8. Let n be (-21)/15*(-5)/1. Suppose n*u = 2*u + 30. Let k be x(u). Calculate the greatest common factor of 42 and k.
14
Let j(p) = -2*p**2 + 15*p - 15. Let q be j(5). Calculate the highest common factor of 50 and q.
10
Let u = 26 + -8. Calculate the highest common divisor of u and 45.
9
Let o(p) = 2*p**2 - 17*p + 1. Let w be o(-5). Let c = 33 + -16. Calculate the greatest common factor of w and c.
17
Suppose -158 = -5*w - 3*q, 0 = w - 4*q - 20 - 7. Suppose 4*p = -3 + w. Let r = -14 - -28. What is the greatest common divisor of r and p?
7
Let a = -44 + 58. What is the highest common divisor of a and 14?
14
Suppose -w + 5 = -4*s + 4*w, -2*s = -3*w + 3. Let a = 0 + s. Let r be (-2 + a - -2) + 6. Calculate the highest common divisor of r and 2.
2
Suppose 97 = 3*n - 284. Let f = n - -63. Let s be 19*(0 - (0 + -1)). What is the highest common divisor of s and f?
19
Suppose -18 - 46 = -8*o. What is the greatest common factor of 8 and o?
8
Suppose 0 = -2*h + 17 + 1. Let q = 7 - 5. Suppose -l = q*g - 7, 0 = -4*l - 3*g - 2*g + 22. What is the greatest common factor of l and h?
3
Suppose 0 = 5*g - 9*g + 200. Calculate the greatest common factor of 10 and g.
10
Suppose 0 = 3*u + 2*l - 54, 2*l + 42 = 5*u - 32. What is the greatest common factor of 40 and u?
8
Suppose 3*r + 36 = 4*r + 2*k, 88 = 3*r + k. Suppose -2*x - 25 = 3*x, n - x + 86 = 0. Let m = n + 133. What is the greatest common divisor of r and m?
14
Let s = -39 - -183. Suppose h = -4*h + 285. Let a = h + -41. Calculate the greatest common divisor of s and a.
16
Let d(j) = -j**3 - 13*j**2 - 12*j + 3. Let b be d(-12). Suppose -2*k = -k + b*v - 25, -35 = -5*k + 3*v. Calculate the greatest common factor of k and 80.
10
Suppose -24 = 2*m - 6. Let u = 51 + m. What is the greatest common divisor of 7 and u?
7
Let j(f) = -f**2 + 5*f + 6. Let i be j(5). Suppose -i = -b + 11. Calculate the highest common factor of b and 34.
17
Let q(i) = i**3 + 5*i**2 + 3*i. Let h be q(-3). Suppose -4*l - 1 = -h. Calculate the greatest common factor of 2 and l.
2
Let q(u) = u + 5. Let d be q(8). Suppose -3*t = b - d, -4*b + 4 = 2*t - b. Suppose -3*o = 2*o - 225. What is the highest common factor of t and o?
5
Let n(b) = -4*b + 4. Let x be n(-6). Let q = -3 + 5. Let p be (1*q)/((-6)/(-21)). Calculate the highest common divisor of x and p.
7
Suppose -105 = -3*b + 5*z, -159 = -2*b - 3*b + 3*z. Let m = -18 + 28. What is the greatest common divisor of b and m?
10
Suppose 0*o + 6 = 3*o. Suppose -o*t = 2*t - 12. Suppose -2*n = t*n - 60. Calculate the greatest common factor of 2 and n.
2
Suppose 0 = 5*t - 5*c - 85, 2*t - 2*c = 3*c + 37. Suppose a + 3*a - 16 = 0. Calculate the greatest common divisor of a and t.
4
Suppose 5*c = 4*x + 3420, 7*x = c + 2*x - 684. Let t = c + -464. Calculate the highest common factor of 20 and t.
20
Let o be (2/6)/(9/135). Let g = 29 - 9. What is the greatest common factor of g and o?
5
Suppose -4 = -3*f + 26. Let j(l) = l**2 - 8*l - 6. Let s be j(f). Calculate the highest common factor of s and 2.
2
Let z = -16 - -28. Calculate the greatest common factor of 3 and z.
3
Let o = 60 - -50. Calculate the highest common factor of o and 10.
10
Suppose 0 = 2*n - 0*n - 6. Let h(m) = 4*m - 2. Let p be h(n). Suppose 0 = 3*a - 0 - 6. Calculate the greatest common divisor of p and a.
2
Suppose -2*o - 3*s = -3*o + 25, 0 = o - 4*s - 30. Let w(j) = -j**2 + j + 10. Let r be w(0). Calculate the greatest common divisor of r and o.
10
Let c be (-3340)/(-15) - (-2)/(-3). Let w be c/4 - 12/8. Calculate the highest common divisor of w and 36.
18
Let q(w) = -2*w**3 - w**2 - w - 1. Let c be q(-2). Let j = c + -7. What is the highest common factor of j and 12?
6
Let c(x) = 3*x - 4. Let j be c(3). Suppose z + j*r = 50 - 8, -z + 5*r - 8 = 0. Let b = 269 + -133. What is the highest common factor of z and b?
17
Suppose 2*s = -s + 96. Let x = 78 + -62. Calculate the highest common factor of s and x.
16
Let d(q) = 2*q**2 + 7. Let b be d(5). Suppose -j - 5*a = -2*j - 19, -a = 3*j + b. Let n = -4 - j. Calculate the highest common factor of n and 6.
3
Suppose 3*b - 2 = 10. Let v(p) = 8*p - 7. Let d be v(b). Calculate the greatest common divi